82. Let s be a(-15). Give l(s).
-3
Let c(o) = -2*o + 10. Let n(z) = -z**3 + 13*z**2 + 11*z - 266. Let i be n(12). What is c(i)?
-10
Let i(d) be the first derivative of -d**3/3 + 6*d**2 - 21*d + 1681. Give i(9).
6
Let k(p) = -p**3 - 8*p**2 - 5*p + 13. Let t be k(-7). Let s be -3 + t - (61 - 64). Let o(f) = -22*f + 1. Give o(s).
23
Let x(f) = 89*f - 121*f + 26*f + 9 + 5*f. Let p be -2 - (0 + (-1 - 8)). Give x(p).
2
Let j(r) = -2 + r - 2 + r**2 + 3*r. Suppose -440 + 390 = -5*u. Suppose 277*b = 279*b + u. Give j(b).
1
Let a(r) = r**3 + r**2 - 4*r - 3. Let m be (-56)/(-147)*3*7. Suppose -10 = m*o + 6. What is a(o)?
1
Let i(o) = -27*o + 398. Let y(g) = 53*g - 696. Let c(u) = 7*i(u) + 4*y(u). Determine c(-1).
-21
Let r(x) = -x + 124. Let g(n) = n - 286. Let u(t) = 3*g(t) + 7*r(t). What is u(-4)?
26
Let k(c) = -2*c**2 - 4*c + 12. Let q(f) = f**2 + f. Suppose -79 = 10*n - 49. Let z(h) = n*q(h) - k(h). Give z(0).
-12
Let g(z) = -8893 + z + 2961 + 2964 + 2966. Let i be (-6)/6*(-1 - 1). Suppose -4*d - 5*k + 4 = 0, 0*k + i*k = -4*d - 8. Calculate g(d).
-6
Let c be -11 + (10 - (-7 - (-19 + 13))). Let s(u) be the third derivative of 1/12*u**4 + 1/6*u**3 + 0*u - 1/15*u**5 + 13*u**2 + c. Calculate s(2).
-11
Let y(m) be the first derivative of m**4/4 + 6*m**3 + 19*m**2/2 + 39*m + 76. Let c be y(-17). Let z(d) = d - 7. Calculate z(c).
-2
Let b(s) be the first derivative of 7*s + 21 + 3/2*s**2. Determine b(-6).
-11
Suppose 0 = 12*f + 3202 - 3226. Let q(k) = -19*k + 2. Determine q(f).
-36
Let r(s) = -25*s - 4 + 15*s + 9*s. Let d(t) = 6*t + 20. Let b(o) = -o**2 - 4*o + 1. Let k be b(-6). Let a(z) = k*r(z) - 2*d(z). Calculate a(8).
-4
Let x(t) = -t**2 - 5*t - t - 52 + 22*t + 5*t. Let p be x(16). Let i = -29 + p. Let j(z) = -z**2. Determine j(i).
-1
Let a = 458 - 456. Let o be (-36 + 43)*(-1 + 0/a). Let g(j) = j**3 + 7*j**2 - j + 5. Give g(o).
12
Suppose -37*h + 36*h = -9. Suppose -11 = z - 2*b, 5*z - h*b = -4*b - 30. Let p be 7 - z*4/8*-2. Let g(d) = 4*d - 9. What is g(p)?
15
Suppose 3*w = b - 17, 0*b + b + 13 = -3*w. Let m(k) = -3*k - 9. Let d(i) = -3*i - 11. Let l(z) = b*d(z) - 3*m(z). Determine l(6).
23
Let y(x) = 101*x - 100*x + 5051*x**3 - 4952*x**3. What is y(-1)?
-100
Suppose -3*p - 2*p + 30 = 0. Let d(v) be the second derivative of -v**5/20 + 2*v**4/3 - 2*v**3 - 3*v**2 - 8000*v + 2. Give d(p).
-6
Let q(i) = i**3 - 16*i**2 + i. Let c(d) = -47*d - 94. Let v be c(12). Let y = v - -674. Calculate q(y).
16
Let g(w) = -71063584*w**3 + 2*w + 1 + 71063690*w**3 - 2 - 2*w**2. Give g(1).
105
Let c(g) = -g - 29. Let q = 5778 + -5800. Give c(q).
-7
Let l(i) = -i**3 - 4*i**2 + 3*i + 6. Suppose -7*q = -q + 36. Let a be (-1)/q - 51/(-18). Let f be (24/18 + -4)*a/2. What is l(f)?
-6
Let r be (-31)/5 - ((-462)/35 - -13). Let s(d) = -11*d - 57. Determine s(r).
9
Suppose 0 = -476*t + 464*t + 24. Let z(i) = -19 - i - t*i + 0*i + 5. Calculate z(-10).
16
Let u(x) = -x**3 + 19*x**2 - 38*x + 77. Let k be (-68)/(-6)*(7 + (-627)/114). What is u(k)?
9
Let l(o) be the first derivative of o**3/3 + 4*o**2 + 3*o + 856. Suppose 5*g - 11 = -z, g - 5 = -z - g. Let r be (-4)/((-4)/(-5)) - z. Give l(r).
-9
Let g(q) = -3*q + 50. Suppose 4*a + 19 = l - 57, -3*l + 76 = -4*a. Calculate g(a).
107
Let z(o) = 16*o**2 - 7*o + 4. Let t(r) = -7*r**2 + 3*r - 2. Let c(y) = -9*t(y) - 4*z(y). Let b = -7 - -8. Let q be (0/(-5 + 9))/(3*b). Give c(q).
2
Let i(j) be the first derivative of -j**2/2 - 7*j - 5. Let f be 1/(-4) - 189/(-84). Let t be 0 + -2 + (-2 - f). Determine i(t).
-1
Suppose -361 - 358 = 44*o - 235. Let b(r) = r**2 + 12*r - 21. Determine b(o).
-32
Let f = 6 - -3. Let g(c) = -c**2 + 12*c - 22. Let d be g(f). Suppose 0 = -9*o + 4*o - d. Let i(x) = -5*x**2 - 2*x - 1. Calculate i(o).
-4
Let j = 237 - 242. Let r(h) = h**2 + 20*h + 82. Let g be r(j). Let i(k) = k**3 - 8*k**2 + 6*k + 3. Give i(g).
-4
Let u = -45 + 34. Let p(l) be the first derivative of -l**2/2 - 16*l + 2172. What is p(u)?
-5
Let t(l) = -3*l - 3 + 3 - 20 - 16. What is t(5)?
-51
Let i(q) = -13*q**3 + 2*q**2 + 11*q + 10. Let g be (10/(-20))/((-9)/180*-10). Calculate i(g).
14
Let a(u) = u**3 + 6*u**2 + u - 1. Let b = 28 + -26. Suppose f = -3*o - 13, -b*f = -7*o + 2*o - 40. What is a(o)?
-7
Let q(m) = -m**3 - 6*m**2 - 5*m + 3. Suppose 15*y + 598 = 2*y. Let f = y - -31. Let x = -19 - f. Determine q(x).
-9
Let f = -28 - -34. Let a(h) = h**2 - 4*h - 10. Let g be a(f). Let w(i) = 5*i - 1 - 4*i**2 - 7*i + 8*i**2 - 6*i**g. What is w(2)?
-13
Let a(z) = 5*z**2 + 2*z + 1. Let x be 5/(-5 + 0)*-1. Let s be ((-1 - -2)*2)/x. Suppose s*b - 6 = -b. What is a(b)?
25
Let y(g) = -g**2 - 12*g - 18. Let p be y(-5). Let q(v) = 3*v - 35 + 13 + p + 8 + 6. Let m be (-8 + 1)*(2 + -1). Calculate q(m).
-12
Let u = 51 + 41. Suppose -2620 = 88*v - u*v. Let q(k) = -2*k - 646 + v - k. Calculate q(6).
-9
Let c(x) = 0 - 5 + 1 + x. Suppose 0 = 4*g + 5*f - 82 - 99, -5*g - f = -242. Suppose -33*h - 50 = g. Determine c(h).
-7
Let v(b) = 2*b. Let s(r) = r**3 + 4*r**2 + 6*r + 22. Suppose -15 = -3*n, 43 = 3*d + 5*n - 18. Suppose -8 = -2*k, -5*q + k - d = 3*k. Let w be s(q). Give v(w).
-4
Let b(u) be the second derivative of u**5/10 + 5*u**4/12 + 2*u**3/3 + 2*u**2 + 297*u. Let r(a) = a - 6. Let z be r(3). Give b(z).
-17
Let m(f) = 8*f**2 + 20*f + 15. Let b(t) = 7*t + 5 - 7*t**2 - 2*t**2 + 4*t**2 + 8*t**2. Let c(j) = 11*b(j) - 4*m(j). What is c(4)?
-1
Let w(r) be the third derivative of 1/6*r**3 + 0*r + 0 + 1/12*r**4 + 1/120*r**6 + 92*r**2 - 1/10*r**5. Give w(5).
-14
Let h(q) = q**2 + 6*q - 1. Let s = -309 + 314. Give h(s).
54
Let z(n) = -8*n + 68. Let q be z(9). Let l(i) be the first derivative of -5*i - 1/2*i**2 - 3. What is l(q)?
-1
Let i(a) = -5*a - 3. Let z(w) = 58 + 46*w - 7*w**2 + 3*w**2 + 6*w**2 - 17*w. Let t be z(-12). Give i(t).
7
Let x(o) = o**3 + 15*o**2 - 180*o - 18. Let h be x(8). Let i(z) = z**3 - 14*z**2 + z + 22. Give i(h).
36
Let s(f) = -22*f - 341. Let o be (-450)/27 - (-56)/84. Give s(o).
11
Let q(y) be the third derivative of y**4/6 + 3*y**3/2 - 2*y**2. Suppose 3*b = -4*m - 80, -b = m + 4*m + 78. Give q(b).
-23
Let p be 28/(-77)*66/(-12) - 1. Let v(j) = -84*j**2 - j - 1. Determine v(p).
-86
Suppose 0 = 2*s + 6 + 4. Suppose 15 = 5*p - 3*l, 2*p + l = -3*p + 15. Let m(h) = p + h - 5*h + 6*h**2 - 7*h**2 + h. What is m(s)?
-7
Let s(n) be the second derivative of n**5/10 - n**4/2 + n**3/6 + 3*n**2/2 + 2*n + 851. Give s(2).
-3
Suppose 5*i - 23*a - 12 = -24*a, 5*i - 2*a = 6. Let q(k) = -k**3 + 3*k**2 - 2*k + 5. What is q(i)?
5
Let a(m) be the third derivative of m**5/60 + 5*m**4/24 + 2*m**3/3 - 46*m**2 + 4*m. Suppose 0 = -5*f + 109 - 129. Determine a(f).
0
Let u(b) = -24592*b - 684 + 49196*b + b**2 - 24587*b. Give u(-36).
0
Let x(b) = -195*b**2 - 386*b - 3. Let v be x(-2). Let i(o) = 2*o**3 + 21*o**2 - 7*o + 11. Determine i(v).
-33
Let h(n) = n - 7. Let i be h(8). Suppose -i = -2*q + 3. Let j be 1*(0 - (0 - q)*4). Let c(t) = t**3 - 9*t**2 + 6*t + 10. Calculate c(j).
-6
Let t(j) = -j**2 + 6*j - 6. Let v be t(6). Let y(o) be the second derivative of -o**4/12 - 5*o**3/6 - 7*o**2/2 + 30*o. Calculate y(v).
-13
Let j(r) be the second derivative of r**5/20 + 13*r**4/12 - 29*r**3/6 + 8*r**2 - 1734*r. Determine j(-15).
1
Let y(k) = 2*k**2 - 8*k - 15. Suppose 0 = l + 3 - 4. Let u(r) = -r**2 - r + 1. Let c(g) = l*y(g) + 3*u(g). Determine c(-8).
12
Let d(w) = -w**3 - 2*w - 4. Let z(i) = 5*i**3 - 13*i**2 + 22*i - 5. Let t(r) = -4*d(r) - z(r). What is t(12)?
-3
Let i(n) = 5 - 2 - n + 3. Let w be (-123)/(-39) - 1 - (-2)/(-13). Suppose -3*g - 24 = -4*h, 2*h + 6*g - w*g - 12 = 0. Calculate i(h).
0
Let w(j) = -2*j - 1. Let c(t) = 4*t**2 + 14*t + 7. Let g(v) = -c(v) - 6*w(v). Let k = 933 + -936. Determine g(k).
-31
Let w(v) be the second derivative of 30 + 2*v + 1/12*v**4 - 7/3*v**3 + 7/2*v**2. Give w(13).
-6
Let y = -3326 - -3331. Let k(r) be the third derivative of -1/120*r**6 + 1/3*r**4 - 1/2*r**3 + 1/12*r**y + 0 + 0*r - 7*r**2. Determine k(6).
9
Let c(i) = -i**3 - 70*i**2 + 537*i - 149. Let x be c(-77). Let g(a) = 2*a**2 + 5*a + 9. Determine g(x).
84
Let p = -4006 - -4012. Let h(g) = 8*g - 6. Determine h(p).
42
Let f(z) = -2*z**2 + 3*z. Suppose -2*d + 5*d + 5 = 5*q, -3*d + 15 = 0. Suppose 0 = -n + q*n - 6. Give f(n).
-2
Let h(v) = v**2 - 6*v + 2. Let m(j) = -31 + 0*j**2 + 2*j**2